 is divided by 41?
39
What is the remainder when 701 is divided by 67?
31
What is the remainder when 550 is divided by 47?
33
What is the remainder when 41 is divided by 2?
1
Calculate the remainder when 4255 is divided by 112.
111
Calculate the remainder when 87 is divided by 78.
9
What is the remainder when 645 is divided by 50?
45
Calculate the remainder when 5338 is divided by 89.
87
What is the remainder when 133 is divided by 20?
13
What is the remainder when 434 is divided by 180?
74
What is the remainder when 990 is divided by 279?
153
Calculate the remainder when 4132 is divided by 2060.
12
What is the remainder when 300 is divided by 52?
40
What is the remainder when 328 is divided by 55?
53
What is the remainder when 558 is divided by 155?
93
What is the remainder when 1054 is divided by 28?
18
Calculate the remainder when 285 is divided by 263.
22
What is the remainder when 2549 is divided by 51?
50
What is the remainder when 250 is divided by 63?
61
Calculate the remainder when 1293 is divided by 64.
13
What is the remainder when 2119 is divided by 691?
46
Calculate the remainder when 296 is divided by 41.
9
What is the remainder when 177 is divided by 18?
15
Calculate the remainder when 765 is divided by 265.
235
What is the remainder when 61 is divided by 9?
7
What is the remainder when 518 is divided by 65?
63
Calculate the remainder when 87 is divided by 64.
23
Calculate the remainder when 54 is divided by 5.
4
Calculate the remainder when 331 is divided by 133.
65
Calculate the remainder when 1465 is divided by 163.
161
What is the remainder when 62494 is divided by 252?
250
Calculate the remainder when 2401 is divided by 92.
9
What is the remainder when 732 is divided by 105?
102
Calculate the remainder when 125 is divided by 39.
8
What is the remainder when 55 is divided by 10?
5
What is the remainder when 137 is divided by 73?
64
What is the remainder when 1582 is divided by 143?
9
Calculate the remainder when 11 is divided by 1.
0
Calculate the remainder when 79 is divided by 16.
15
Calculate the remainder when 1451 is divided by 230.
71
Calculate the remainder when 237 is divided by 3.
0
What is the remainder when 309 is divided by 24?
21
Calculate the remainder when 332 is divided by 48.
44
What is the remainder when 278 is divided by 93?
92
Calculate the remainder when 264 is divided by 30.
24
Calculate the remainder when 184 is divided by 39.
28
What is the remainder when 1986 is divided by 988?
10
Calculate the remainder when 445 is divided by 37.
1
What is the remainder when 166 is divided by 7?
5
Calculate the remainder when 553 is divided by 32.
9
Calculate the remainder when 6731 is divided by 9.
8
What is the remainder when 3950 is divided by 3934?
16
Calculate the remainder when 2886 is divided by 74.
0
Calculate the remainder when 60 is divided by 24.
12
Calculate the remainder when 172 is divided by 74.
24
Calculate the remainder when 142 is divided by 79.
63
Calculate the remainder when 306 is divided by 28.
26
What is the remainder when 606 is divided by 38?
36
What is the remainder when 178 is divided by 51?
25
Calculate the remainder when 1324 is divided by 6.
4
Calculate the remainder when 1226 is divided by 314.
284
What is the remainder when 631 is divided by 79?
78
What is the remainder when 12245 is divided by 13?
12
What is the remainder when 678 is divided by 113?
0
What is the remainder when 364 is divided by 32?
12
Calculate the remainder when 195 is divided by 184.
11
What is the remainder when 719 is divided by 8?
7
Calculate the remainder when 434 is divided by 162.
110
Calculate the remainder when 437 is divided by 38.
19
What is the remainder when 75 is divided by 26?
23
Calculate the remainder when 725 is divided by 33.
32
Calculate the remainder when 383 is divided by 78.
71
Calculate the remainder when 190 is divided by 14.
8
Calculate the remainder when 170 is divided by 35.
30
What is the remainder when 1183 is divided by 198?
193
What is the remainder when 3565 is divided by 26?
3
What is the remainder when 235 is divided by 15?
10
Calculate the remainder when 84 is divided by 77.
7
What is the remainder when 377 is divided by 63?
62
Calculate the remainder when 401 is divided by 139.
123
Calculate the remainder when 13656 is divided by 16.
8
Calculate the remainder when 472 is divided by 99.
76
Calculate the remainder when 732 is divided by 46.
42
What is the remainder when 508 is divided by 68?
32
Calculate the remainder when 13549 is divided by 10.
9
What is the remainder when 960 is divided by 145?
90
What is the remainder when 183 is divided by 48?
39
Calculate the remainder when 28 is divided by 1.
0
Calculate the remainder when 121 is divided by 22.
11
What is the remainder when 1028 is divided by 39?
14
What is the remainder when 70 is divided by 15?
10
What is the remainder when 1519 is divided by 34?
23
Calculate the remainder when 141 is divided by 56.
29
What is the remainder when 513 is divided by 10?
3
What is the remainder when 367 is divided by 47?
38
Calculate the remainder when 259 is divided by 30.
19
Calculate the remainder when 288 is divided by 17.
16
Calculate the remainder when 1291 is divided by 9.
4
Calculate the remainder when 97 is divided by 20.
17
Calculate the remainder when 568 is divided by 552.
16
Calculate the remainder when 232 is divided by 134.
98
What is the remainder when 10062 is divided by 15?
12
What is the remainder when 89 is divided by 13?
11
What is the remainder when 539 is divided by 18?
17
Calculate the remainder when 1477 is divided by 37.
34
Calculate the remainder when 1625 is divided by 811.
3
What is the remainder when 294 is divided by 15?
9
What is the remainder when 2898 is divided by 722?
10
What is the remainder when 2452 is divided by 607?
24
Calculate the remainder when 2468 is divided by 822.
2
What is the remainder when 642 is divided by 19?
15
Calculate the remainder when 3085 is divided by 1539.
7
What is the remainder when 332 is divided by 22?
2
What is the remainder when 574 is divided by 32?
30
What is the remainder when 858 is divided by 41?
38
Calculate the remainder when 3568 is divided by 94.
90
Calculate the remainder when 79 is divided by 29.
21
What is the remainder when 8719 is divided by 19?
17
Calculate the remainder when 778 is divided by 71.
68
Calculate the remainder when 545 is divided by 61.
57
What is the remainder when 1125 is divided by 53?
12
Calculate the remainder when 677 is divided by 225.
2
Calculate the remainder when 3494 is divided by 106.
102
What is the remainder when 330 is divided by 163?
4
What is the remainder when 137 is divided by 29?
21
Calculate the remainder when 841 is divided by 204.
25
What is the remainder when 219 is divided by 116?
103
What is the remainder when 3218 is divided by 801?
14
Calculate the remainder when 1388 is divided by 45.
38
What is the remainder when 189 is divided by 172?
17
Calculate the remainder when 391 is divided by 36.
31
Calculate the remainder when 799 is divided by 242.
73
Calculate the remainder when 1538 is divided by 171.
170
What is the remainder when 177 is divided by 36?
33
What is the remainder when 1720 is divided by 337?
35
Calculate the remainder when 171 is divided by 36.
27
Calculate the remainder when 1804 is divided by 594.
22
What is the remainder when 2923 is divided by 34?
33
Calculate the remainder when 11396 is divided by 20.
16
What is the remainder when 17 is divided by 14?
3
Calculate the remainder when 231 is divided by 13.
10
What is the remainder when 14 is divided by 4?
2
What is the remainder when 9543 is divided by 22?
17
What is the remainder when 431 is divided by 27?
26
What is the remainder when 111 is divided by 14?
13
What is the remainder when 125 is divided by 35?
20
What is the remainder when 37 is divided by 20?
17
Calculate the remainder when 278 is divided by 208.
70
Calculate the remainder when 619 is divided by 136.
75
What is the remainder when 121 is divided by 67?
54
Calculate the remainder when 473 is divided by 159.
155
What is the remainder when 286 is divided by 6?
4
What is the remainder when 2539 is divided by 20?
19
Calculate the remainder when 350 is divided by 39.
38
Calculate the remain